 common divisor of 105 and h.
21
Let u(j) = -j**3 - 7*j**2 - 7*j - 5. Let c(d) = d**3 - 8*d**2 + 6*d + 1. Let x be c(7). Let s be u(x). Calculate the highest common divisor of 1 and s.
1
Let q(m) = m + 9. Let x be q(0). Let c be 1/(-3) - 78/x. Let r = c - -21. Calculate the greatest common factor of r and 84.
12
Let s(d) = -5 + 3 + 3*d - 1 + 2. Let j be s(4). Calculate the greatest common factor of j and 44.
11
Let i be (4/(-6))/(4/(-30)). Suppose -i*d + 13 = -27. What is the highest common factor of d and 32?
8
Let u = 349 - 193. Calculate the highest common factor of 12 and u.
12
Suppose -4*x + 7*x = -3*n - 12, 4*n = -5*x - 14. Let l = -2 - n. Suppose 0 = -l*k + 2*k + 8. What is the highest common divisor of 10 and k?
2
Let y(o) = o + 7. Let r be y(-5). What is the greatest common factor of 16 and r?
2
Let y be ((-25)/(-15))/((-2)/18). Let s = 28 + y. What is the highest common divisor of s and 104?
13
Suppose 2*h + 3*s - 40 = -0*s, h - 30 = -4*s. Let i = 17 - h. Suppose 0 = 2*q - 4*c - 68 - 10, 2*q = -4*c + 54. What is the greatest common factor of q and i?
3
Let a be -6 + 4 + 6*1. Let f(t) be the third derivative of t**4/6 + 2*t**3/3 + 2*t**2. Let p be f(6). What is the highest common divisor of p and a?
4
Let r = 20 - -34. Let n(i) = -3*i**3 - i**2 - 1. Let t be n(2). Let c = -23 - t. What is the highest common divisor of c and r?
6
Let d = -279 + 297. Let i(t) = 7*t**3 - t**2 + 2. Let g be i(2). What is the greatest common factor of g and d?
18
Suppose -5*c = -95 - 25. Suppose 4*q - 112 = -4*b, 4*b - c = -q + b. Calculate the greatest common divisor of 12 and q.
6
Let h be (-5 + 1)*(-3 + 1). Let r be 21 - h/((-4)/(-1)). What is the greatest common divisor of 133 and r?
19
Suppose 3*p + 3*t + 2*t = -20, -4*t = -5*p + 16. Let h = -80 - p. Let c = -56 - h. Calculate the highest common factor of 36 and c.
12
Let v(a) = -a. Let c be v(-4). Let f = c - 8. Let l be -1 + -1 + 1 - f. Calculate the greatest common factor of 3 and l.
3
Let w(j) be the second derivative of -6*j**3 - j. Let l be w(-4). Let c = 1218 + -1202. What is the greatest common factor of c and l?
16
Let w be (-96)/(-18)*3/2. Let y(p) = p**3 - 6*p**2 - 8*p - 4. Let o be y(w). What is the highest common divisor of o and 24?
12
Suppose -349 = -2*y + y + 4*w, -y + 321 = 3*w. Calculate the greatest common divisor of 37 and y.
37
Suppose 0*z + c + 12 = 5*z, -8 = -5*z - c. Let d be (2 - (-4)/(-2)) + 2. Suppose d*n + 12 = 5*n. What is the highest common factor of n and z?
2
Let v(r) = r**3 - 10*r**2 + 12*r - 10. Let z be v(9). Let k be -1 - (276/(-2) - -1). What is the highest common divisor of k and z?
17
Suppose -o + 20 = -5*o. Let q(a) = -2*a**3 - 5*a**2 - 2*a - 3. Let t be q(o). What is the greatest common divisor of t and 12?
12
Suppose 6*t = t + 30. What is the highest common divisor of t and 54?
6
Let x be 6/(-9) - 64/(-6). Let c(u) = -u**3 - 7*u**2 + 7*u + 2. Let t be c(-8). Calculate the highest common factor of x and t.
10
Let v(b) = -b**2 - 5*b + 1. Let y be v(-4). Suppose 24 = 3*i - 81. What is the highest common divisor of i and y?
5
Let c be 4/(-2) + 0 - -37. Let z = 153 + -83. Suppose 0*f = -5*f + z. Calculate the greatest common factor of c and f.
7
Let i = 597 - 290. Let w = -188 + i. What is the greatest common factor of w and 17?
17
Let s = -207 + 215. What is the greatest common divisor of s and 20?
4
Let a(p) = p**3 + 14*p**2 + 12*p - 11. Let d be a(-12). Calculate the greatest common factor of 19 and d.
19
Suppose -2*a - 3*i + 35 = 0, 3*a - 100 = -a + 4*i. Calculate the highest common factor of a and 44.
22
Let v(j) = 59*j**2 - 2*j - 1. Let f be v(-1). Calculate the greatest common factor of f and 20.
20
Let r be (198/(-8))/((-18)/48). Let o(i) = i**3 + 5*i**2 + 4*i + 6. Let x be o(-4). What is the greatest common divisor of r and x?
6
Let a(i) = 2*i**2 + i - 5. Let m be a(3). Let l = 0 - 0. Let s be (-1 - l) + 9*9. What is the highest common divisor of s and m?
16
Let k(z) = -z + 59. Let d be k(-13). What is the highest common divisor of d and 18?
18
Let m(o) = -o**3 + 10*o**2 - 10*o + 3. Let t be m(9). Let c be 56/6 - t/9. Calculate the greatest common divisor of c and 20.
10
Suppose 0*h - 616 = -4*h. What is the greatest common divisor of h and 14?
14
Let j = -32 - -54. Calculate the greatest common factor of j and 44.
22
Suppose y = 1, 38 = 2*h + 2*y - 0*y. Suppose -4*n = -h + 6. Calculate the greatest common factor of n and 3.
3
Let i(n) = 8 + 0*n + 9*n - 5. Let o be i(2). Suppose 2*q = -4, 3*q + 50 = 5*h + 9. What is the highest common divisor of h and o?
7
Let t(k) = 2*k**2 + k. Let s be t(-3). Let r(m) = 4*m**3 + 3*m**2 - 2*m - 5*m**3 + 4 + 4*m. Let z be r(3). What is the greatest common factor of s and z?
5
Let t be (2/3)/((-12)/(-144)). Let m = 4 - 3. Calculate the highest common divisor of t and m.
1
Suppose 2*o + 5*g = -22, 3*g - 7 = -2*o - 33. Let d = -10 - o. Calculate the highest common factor of 6 and d.
6
Let i(o) = -o**3 + 5*o**2 - 2*o - 1. Suppose -2*t - 10 = -0*t. Let b = 8 + t. Let n be i(b). Calculate the highest common divisor of 55 and n.
11
Let u(p) = -p**2 - 10*p - 10. Let r be u(-8). Let l be -84*(15/6)/(-5). What is the highest common divisor of l and r?
6
Let i = 69 - 39. Suppose 6*p - i = p. What is the highest common divisor of p and 3?
3
Suppose 5*i - 7 = -22. Let w be (-108)/(-8)*(-4)/i. What is the highest common divisor of w and 2?
2
Let o(q) = q**3 + 4*q**2 - 4*q + 2. Let g(m) = m + 5. Let n be g(-3). Let a be o(n). Calculate the highest common divisor of 45 and a.
9
Suppose -1 = 3*h - 7. Suppose -h*s - 3*s + 60 = 0. Calculate the greatest common factor of s and 132.
12
Let v = -7 + 436. Calculate the greatest common divisor of 39 and v.
39
Suppose -2*x - 3*d = -10 - 10, 3*x + 4*d = 30. What is the highest common divisor of x and 4?
2
Suppose 2*o = 3*o - 45. What is the highest common factor of 9 and o?
9
Suppose 2*g = -3*g + 410. Let t = 14 - g. Let p be t/(-6) - 4/(-6). Calculate the highest common divisor of 2 and p.
2
Let v(f) = f**3 - f**2 + f - 1. Let i be v(2). Let g = i - -7. Let q be (-2)/7 + (-1348)/(-14). Calculate the highest common factor of g and q.
12
Let o(i) = -14*i - 9. Suppose -3*m + g = -0*g + 23, -2 = 2*m + 2*g. Let j be o(m). Suppose -f = 4*f - 75. Calculate the highest common factor of j and f.
15
Suppose 3*b - 24 = -f - 3*f, 2*b - f - 5 = 0. Suppose 8*v - b*v - 16 = 0. Calculate the greatest common divisor of 2 and v.
2
Suppose -2*n - 6 = -4. Let f(w) = w**3 - 4*w**2 - 5*w - 2. Let a be f(5). Let p = n - a. What is the highest common factor of p and 5?
1
Let v(x) = 36*x + 2. Let s be v(3). Calculate the highest common factor of 22 and s.
22
Suppose -4*a + 6 = -2. Suppose l + 17 = s, -4*s - l + 33 = a*l. Calculate the highest common factor of s and 12.
12
Let j be (-1)/2 + (-2)/(-4). Suppose 36 = -13*g + 7*g. Let t = j - g. Calculate the greatest common factor of t and 30.
6
Suppose 4*m - 2005 = 3*b, -3*b - 6*m - 1969 = -m. Let n = b - -1127. Let y be (-2)/6 + n/6. What is the greatest common factor of 7 and y?
7
Let k be 11*(64/20 + 2/(-10)). Calculate the greatest common factor of k and 22.
11
Let n be (2/(-6))/((-2)/(-6)). Let l(u) be the first derivative of -11*u**2 - 6. Let k be l(n). Calculate the greatest common factor of 198 and k.
22
Suppose 0*m - 51 = -m. Let y = 73 - m. What is the greatest common factor of 2 and y?
2
Suppose -2*g - 2*h + 22 = 0, -2*g + 2 = -2*h - 16. Suppose q + 3*m + 11 = 0, 3*m = -5*q + 5*m + 30. Calculate the highest common factor of g and q.
2
Suppose 39 - 5 = 2*d. Let t be (-11)/3*3*1. Let n = t + d. What is the highest common divisor of n and 36?
6
Let d = 0 + 6. Suppose 1 + 2 = u - r, 4*r = u + d. What is the highest common factor of 15 and u?
3
Let u = -11 + 5. Let g be 30/7 + u/21. Suppose -m + 6*m - 40 = 4*y, -g*y + 8 = m. Calculate the greatest common factor of m and 8.
8
Let k = 65 - -95. Suppose 3*v - 240 = -0*v. Suppose -2*d = -6*d + v. What is the greatest common divisor of d and k?
20
Let p(o) = -o**2 + 7*o - 6. Let u be p(6). Suppose u = 5*f - 1030 + 400. Calculate the greatest common divisor of f and 14.
14
Let x be -5 + 3 + (43 - 1). What is the highest common divisor of 160 and x?
40
Let d(l) = l**3 + 16*l**2 + 13*l + 10. Let a be d(-15). Suppose 32 = 